he remainder when 2 is divided by q(-9)?
0
What is the remainder when 37 is divided by (-2 - 16/(-6))*(-39)/(-2)?
11
Let y be (-304)/(-22) - (-6)/33. Let b(v) = v - 11. What is the remainder when 7 is divided by b(y)?
1
Suppose 0 = 19*f - 201 + 49. Suppose 3*p - 115 = p + 5*c, -2*p - 3*c = -75. Calculate the remainder when p is divided by f.
5
Let l = 33 - -7. Calculate the remainder when l is divided by 14.
12
Let v be (0 + 0)*(-6)/12. Suppose 5*s - 15 = v, 96 = f + 4*f - 3*s. What is the remainder when f is divided by 12?
9
Let y be (-3)/12 - (-290)/8. Suppose 4*o + 5*t - 8 = y, 2*t = -8. Calculate the remainder when 62 is divided by o.
14
Let a(u) = -u**2 - u + 4. Let h be a(-5). Let b = h - -26. Suppose 26 = l - 2. What is the remainder when l is divided by b?
8
Suppose -5*n + 18 = 3. Suppose 6*z - z + 3*x - 21 = 0, n*z = 2*x + 24. What is the remainder when 21 is divided by z?
3
Suppose 4*l = 59 + 61. Calculate the remainder when 107 is divided by l.
17
Let l = 18 + -7. Calculate the remainder when l is divided by 7.
4
Suppose 3*d - 71 = -h, 2*d - 60 = -5*h - 4. Calculate the remainder when 87 is divided by d.
18
Suppose -4*c + 2*q = c - 45, -c + 9 = 4*q. Calculate the remainder when c is divided by 7.
2
Let x = -70 + 108. What is the remainder when x is divided by 13?
12
Suppose 3*w - 3*q - 53 = q, -73 = -5*w - q. Calculate the remainder when 56 is divided by w.
11
Let c = 362 + -211. What is the remainder when c is divided by 17?
15
Suppose -3*u = -15, -2*h - 2*u = -12 - 4. Let k = -2 - -12. Calculate the remainder when k is divided by h.
1
Suppose -2*r - 15 = -7*r. Suppose 3*y - 49 = -a, -87 = -2*y - 2*y + r*a. What is the remainder when 51 is divided by y?
15
Suppose -12 = -7*r + 4*r. Let t(m) = m + 6. What is the remainder when r/(-10)*-85*1 is divided by t(6)?
10
Let g = 4 + 3. Let k(p) = 7*p - 16*p**2 + 1 + 10*p**2 + 5*p**2. Calculate the remainder when 3 is divided by k(g).
0
Suppose 4*z - a = 311, 3*a + 14 = -z + 82. Calculate the remainder when z is divided by 9.
5
Suppose -3*g + 44 + 70 = 0. Calculate the remainder when g is divided by 20.
18
Let d = 13 - 1. Let k(h) = -h**2 + 15*h + 15. Calculate the remainder when k(11) is divided by d.
11
Let d = -1 + 10. What is the remainder when 131/4 - 5/(-20) is divided by d?
6
Let f = 2 - 11. Let i(o) = o**2 + 9*o - 13. Let s be i(f). Let d = 31 + s. What is the remainder when 35 is divided by d?
17
Suppose 3*z + 5*y - 106 = -32, 2*y = 2*z - 44. Calculate the remainder when z is divided by 9.
5
What is the remainder when 1140/70 + (-2)/7 is divided by 5?
1
Let b = 7 + -5. Suppose 6*q - 276 = b*q. Suppose -2*y + q = y. What is the remainder when y is divided by 12?
11
Suppose -5*y - 2*g = 2*g - 10, 3*y - 6 = 5*g. Let r = 21 - 4. What is the remainder when r is divided by 2/(-4) - (-13)/y?
5
Suppose -160 - 120 = -4*u. What is the remainder when u is divided by 24?
22
Suppose -2*p = -6*p + 224. Let q = p - 38. What is the remainder when 33 is divided by q?
15
Suppose 80 = c - 3*h, 5*h = -c + 30 + 18. Let n(l) = -l**2 - 10*l + 2. Calculate the remainder when c is divided by n(-7).
22
Let w be 6/((-4)/2)*-5. Let t = w + -36. Let m = t + 38. Calculate the remainder when m is divided by 9.
8
Suppose 149 = 3*t - f, -5*t - 2*f = -6*f - 239. Suppose 2*m + 15 = t. Calculate the remainder when m is divided by 10.
8
Let r(g) = 3*g**2 - 2. Let l(h) = h**2 - 4*h - 7. Let a be (-2)/(-10) + (-72)/(-15). Let j be l(a). What is the remainder when 29 is divided by r(j)?
9
Suppose -h = -2*h + 36. What is the remainder when 69 is divided by h?
33
Calculate the remainder when (-1 - (0 - -2))/(3/(-88)) is divided by 18.
16
What is the remainder when 35 is divided by 114/(-9)*6/(-4)?
16
Let n(k) = 2*k**2 - 6*k - 4. Let a = -4 + 9. Calculate the remainder when 47 is divided by n(a).
15
Let t(j) = -j - 15. Let p be t(-9). Let h(a) = a**2 + 5*a - 6. Let l be h(p). Suppose l*k - 5*k = -220. Calculate the remainder when k is divided by 15.
14
Suppose 492 = 5*r + s, r + 46 = -4*s + 152. Calculate the remainder when r is divided by 35.
28
Suppose 0*w - 4*w + 152 = 0. Calculate the remainder when w is divided by 10.
8
Let j(v) = 2*v - 1. Let x be j(5). Let h = x + -8. What is the remainder when h is divided by 1?
0
Let g(l) = -l**3 - 5*l**2 - 12*l - 16. What is the remainder when 219 is divided by g(-5)?
43
Let j(o) = -o**2 + 20*o + 11. What is the remainder when j(19) is divided by 17?
13
Let c(n) = -n**3 - n**2 + 2*n + 2. Suppose -4*s + 2*g - 216 = -2*g, -5*g + 15 = 0. Let r = -11 - s. Calculate the remainder when r is divided by c(-3).
12
Suppose -2*t = 3*t - 20. Let c = 16 + -3. Calculate the remainder when c is divided by t.
1
Suppose 4*g + 181 = -15. What is the remainder when 3/(g/26 + 2) is divided by 0 + 18/2*1?
8
Let j(s) = -s**3 - 7*s**2 - 4*s. Let x be j(-6). Let l = 29 + x. Calculate the remainder when 67 is divided by l.
16
Let z(q) = q**3 + 6*q**2 - q - 4. Let i = 19 + -18. Calculate the remainder when z(-6) is divided by i.
0
Let r(j) = 4*j - 6. Let x be r(4). Suppose 5*t - 2*a - 10 = 0, -5*t - a - 2*a + x = 0. Calculate the remainder when 3 is divided by t.
1
Let j(q) = 6*q + 4. Let m be j(-3). Let b = -13 + m. Let x = b - -47. Calculate the remainder when 38 is divided by x.
18
Suppose -2*c - 1 = -3*c. Let t = -4 + 7. Suppose 22 = t*v - v - 5*b, 5*v + 2*b = -3. What is the remainder when c is divided by v?
0
Let m be 253/33 - 1/(-3). What is the remainder when 86*((-4)/m + 1) is divided by 23?
20
Let s(n) be the first derivative of n**2 - 5*n - 1. Let a(r) = -2*r + 6. Calculate the remainder when a(-7) is divided by s(6).
6
Suppose 37 = -6*h + 127. What is the remainder when h is divided by 8?
7
Calculate the remainder when 218 is divided by 4/(-20)*-3 - 217/(-5).
42
Let q = 13 + 1. What is the remainder when 55 is divided by q?
13
Suppose -2*s + 18 = -34. What is the remainder when s is divided by 14?
12
Let h(p) = 14*p - 4. Suppose 7*w = -3*i + 4*w + 18, 4*i + 2*w - 24 = 0. Calculate the remainder when h(1) is divided by i.
4
Let r = 17 + 0. Calculate the remainder when 24 is divided by r.
7
Suppose -5*y - 7 + 47 = 2*s, -y = -s - 1. Suppose x + 53*w - 52*w - 26 = 0, 2*x = -3*w + 56. What is the remainder when x is divided by y?
4
Let g(d) = -d**2 + 8*d. Let t be g(6). Calculate the remainder when 54 is divided by (44/t)/((-1)/(-3)).
10
Let f(t) = -t**3 - 6*t**2 + 4*t + 6. Let u be f(-8). Let v = -64 + u. Suppose -3*r - 9 = -69. What is the remainder when v is divided by r?
18
Let h(i) = 3*i**2 + 6*i - 8. Let u(v) = -v + 11. Let w be u(5). Let b be h(w). Suppose y + 3*y = b. What is the remainder when y is divided by 9?
7
Let z(d) = -d**2 + 4*d + 5. Let b(w) = -w**2 - w + 1. Let r be b(0). What is the remainder when z(4) is divided by 1/(r - 0) + 2?
2
Let o(d) = 3*d - 9. Let z be o(7). Suppose -k = 2*k - z. What is the remainder when 14 is divided by k?
2
Let v be 1*1*12/(-2). Let p = 14 + v. What is the remainder when 14 is divided by p?
6
Let c(j) = -j + 2. What is the remainder when c(-9) is divided by 3?
2
Calculate the remainder when 4 is divided by (-7)/(28/(-24)) - 3.
1
Let c = 67 - -6. What is the remainder when c is divided by 15?
13
Suppose 0*q + 3*q = 5*r + 48, 4*r + 12 = 0. What is the remainder when q is divided by 7?
4
Let l = -45 - -76. What is the remainder when 185 is divided by l?
30
Let u = 1 + 12. What is the remainder when 35 is divided by u?
9
Let i be 2*(-3)/(-6) + -6. Let v = 12 + i. Calculate the remainder when 20 is divided by v.
6
What is the remainder when -5 + 1 - -128 - 3/3 is divided by 18?
15
Let b = 22 + -9. Let r = -7 + b. What is the remainder when 21 is divided by r?
3
Let p(v) = 6*v**2 - 6*v + 4. Let d(a) = 11*a**2 - 11*a + 7. Let y(q) = 3*d(q) - 5*p(q). What is the remainder when -6*2*(-2)/2 is divided by y(2)?
5
Suppose 42 - 102 = -4*o. Let v be 14/3*(3 - 6). Let d = v - -57. What is the remainder when d is divided by o?
13
Let n = 2 - -17. Suppose 16*g + 584 = 24*g. What is the remainder when g is divided by n?
16
Let u(m) = m**3 - 2*m**2 - 4*m. What is the remainder when u(4) is divided by 5?
1
Let p(f) = f + 1. Let d be p(4). Suppose -d*l + 89 + 11 = 0. What is the remainder when l is divided by 7?
6
Let d(q) = q**3 - 10*q**2 + 6*q - 2. Suppose -t + 2 +